 remainder when 19 is divided by 216/21 + 8/(-28).
9
Let b(d) = -d + 1. Let j be b(-2). Suppose -j*r = r - 3*w - 87, 0 = -4*r + 2*w + 82. Let v = 31 + -21. Calculate the remainder when r is divided by v.
8
Suppose -5*y + 4*y = -12. Let x = 98 + -53. What is the remainder when x is divided by y?
9
Calculate the remainder when (8/11)/(-4) - 134/(-11) is divided by 2.
0
Suppose 0 = -f + 6 - 0. Let h(r) = 4*r - 13. What is the remainder when h(6) is divided by f?
5
Suppose 2*w = -3*n - 2*w + 18, 5*n = -3*w + 19. Calculate the remainder when n is divided by 2.
0
Suppose 15 = 5*x - 75. What is the remainder when x is divided by 12?
6
Let b be (-4)/(-6) - 2110/(-30). Let j = b + -50. Calculate the remainder when j is divided by 12.
9
Suppose -80 = -g - p + 24, -4*p = -4*g + 424. Suppose 4*c = -x + 458, c + 5*x - g = -0*c. Calculate the remainder when c is divided by 29.
28
What is the remainder when 35 is divided by (6 + -10)/((0 - 1)/3)?
11
What is the remainder when (24/(-4))/(-3) - -24 is divided by 16?
10
Let i = 108 - 71. Calculate the remainder when i is divided by 19.
18
Let f(x) = -x**3 + 2*x**2 + 3*x + 2. Let v be (-1 + (-4)/2)/1. Let i = 31 + -18. Calculate the remainder when f(v) is divided by i.
12
Suppose 2*o = 3*k + 17 - 2, 4*o - 63 = -5*k. Calculate the remainder when o is divided by 7.
5
Suppose -160*x = -158*x - 66. What is the remainder when 164 is divided by x?
32
Suppose -36 + 153 = a. What is the remainder when a is divided by 10?
7
Let x = -17 - -95. Calculate the remainder when x is divided by 9.
6
Let c(s) be the first derivative of -45*s**4/4 - s**3/3 - s**2/2 - s + 2. What is the remainder when c(-1) is divided by 23?
21
Let j(d) = -d**3 + 8*d**2 + 3*d - 4. Let h(n) = -n**3 + 9*n**2 + 10*n + 11. Calculate the remainder when j(8) is divided by h(10).
9
Suppose 0 = -2*d + 13 + 67. Suppose -10 - d = -5*c. Suppose -s = -2*s + 19. Calculate the remainder when s is divided by c.
9
Let q(r) = r**2 + 7*r + 12. Calculate the remainder when q(-10) is divided by 22.
20
Suppose 0 = -w + 3*w - 3*m + 25, -w + 2*m = 10. Calculate the remainder when 2/(-8)*5*-12 is divided by w/(-3)*18/15.
7
Suppose 5*x + 0*f - 245 = -5*f, -4*f = -4*x + 204. Let b be 148/(-5) + (-2)/5. Let w = b + x. Calculate the remainder when w is divided by 11.
9
Let g be 192/20*20/6. Let x = g - 16. Calculate the remainder when x is divided by (-112)/(-18) - (-4)/(-18).
4
Let t = 6 + -9. Let q be ((-14)/(-6))/(t/27). Let x = q - -36. Calculate the remainder when x is divided by 8.
7
Suppose -9 = -3*j + 3. Suppose j*a - 46 = -4*z + 146, a = 5*z + 48. Let s(n) = 2*n**2 + 4*n - 5. What is the remainder when a is divided by s(-5)?
23
Let n(d) = 37*d**2 - 1. Suppose 9*m - 2*m - 133 = 0. What is the remainder when n(1) is divided by m?
17
Let t(k) = k**2 + 2*k - 2. Let s(d) = 18*d**2 - d. Suppose 1 = 4*j + 2*b - 7, 4*b - 3 = 5*j. Calculate the remainder when s(j) is divided by t(-4).
5
Let v(i) be the second derivative of i**4/12 - 7*i**3/6 - i**2 + 3*i. Suppose -4*h + 78 = 3*r, -2*h + 0*h = 6. What is the remainder when r is divided by v(9)?
14
Let m(d) = -d**3 - 8*d**2 + 8*d + 9. What is the remainder when 46 is divided by m(-9)?
10
Let a be ((-12)/5)/(1/(-5)). Suppose 0 = 16*f - 14*f - 10. Calculate the remainder when 3/(2*2/a) is divided by f.
4
Let l = -10 - -23. What is the remainder when 50 is divided by l?
11
Let b(o) = -11*o - 28. Calculate the remainder when b(-8) is divided by 21.
18
Let p(m) = -m**3 + 92. Let i be p(0). Suppose -4*u + 2*g + i = 0, -3*g - 116 = -2*u - 3*u. Let r = 68 - u. What is the remainder when r is divided by 16?
14
Let v = 43 - 19. Suppose -4*d - 4*b = -v, 3*b - 14 = 5*d - 52. Let i = -5 + d. What is the remainder when 5 is divided by i?
1
Suppose 3*n - 18 + 2 = 4*s, -s = -2. Suppose -4*f + 25 = 5. Calculate the remainder when n is divided by f.
3
Suppose -4*t + 8 = -5*t. Let z(h) = -12*h + 2. Let o be z(t). Suppose 0 = 3*q + 12, -8*q - o = -3*x - 3*q. What is the remainder when x is divided by 9?
8
Calculate the remainder when 26 is divided by (-3)/(-18) + 267/18.
11
Let c = -11 - -17. Calculate the remainder when 10 is divided by c.
4
Suppose 4*n - 3*n - p - 1 = 0, 5*n = -2*p + 19. Suppose -n*w - 2*w = -45. What is the remainder when 26 is divided by w?
8
What is the remainder when 39 is divided by 0 + (8/(-4) - -22)?
19
What is the remainder when 22 is divided by (-6 - 0)*-1 - -2?
6
Suppose -30 = -3*f - 3*t + 9, t - 61 = -4*f. Calculate the remainder when f is divided by 2.
0
Suppose -3*l = -q - 257, 4*l - 2*l - 170 = 2*q. Calculate the remainder when l is divided by 13.
8
Let t(k) be the third derivative of -k**6/120 - 11*k**5/60 - k**4/2 - 13*k**3/6 + k**2. Calculate the remainder when 20 is divided by t(-10).
6
Suppose 5*j - 35 - 10 = 0. Let m = j - 2. What is the remainder when 19 is divided by m?
5
Let u be 3/3 - (3 - 1). Let f(w) = -15*w**2 - w - 1. Let v be f(u). What is the remainder when 35 is divided by 1/(-3) - 275/v?
17
Let q(x) = -x**2 + 5*x + 7. What is the remainder when q(3) is divided by 5?
3
Suppose -3*w + 32 = 2*x + 2*x, -3*w + 22 = -x. What is the remainder when 21 is divided by w?
5
Let c(g) = 2*g**2 + 3*g + 1. Let m be c(-2). Suppose -m*p = -p - 50. Let v = 23 - 10. What is the remainder when p is divided by v?
12
Suppose -10 = 4*b - 5*b. Suppose -2*s = 4, -3*m + 4*s = 5 - 67. What is the remainder when m is divided by b?
8
Let i be (-8)/(-40) - 1208/(-10). Let m = i + -74. What is the remainder when m is divided by 12?
11
Suppose 3*z - 5*z - 3*g + 143 = 0, -2*z + 148 = 2*g. Suppose -k - 2*o + 26 = 0, 2*o + 5 = 4*k - z. Calculate the remainder when k is divided by 8.
6
Calculate the remainder when 29 is divided by (-32)/(((-24)/9)/(-4)*-3).
13
Let z(p) = 23*p**3 - p**2 + 3*p - 2. Calculate the remainder when 41 is divided by z(1).
18
Let r = -182 - -362. What is the remainder when r is divided by 46?
42
Let l(b) = -5*b**3 - b**2 - 2*b - 1. Let h be l(-1). Suppose y + 40 = h*y. Calculate the remainder when y is divided by 4.
2
Let n(s) = s**2 + 3. Let k(f) = 2*f**2 - 3*f + 1. Let i be k(2). What is the remainder when 71 is divided by n(i)?
11
Let d = 9 + -5. Suppose 4*t = -4, 5*w - d*t = -2*t + 237. What is the remainder when w is divided by 12?
11
Let u be -2*52/(-24)*9. Suppose 2*b = -a - 11 + u, -59 = -2*a - 5*b. What is the remainder when a is divided by 12?
10
Let m = 147 + -68. What is the remainder when m is divided by 23?
10
Suppose -4*u + c = -43, 3*c + 20 = 5*u - 25. What is the remainder when 34 is divided by u?
10
Let s be ((-4)/(-6))/(2/3). Suppose 2*z = 2*w + 110, 0 = -3*z - 4*w + 2*w + 140. Calculate the remainder when z is divided by (-1)/(-2)*s*26.
11
Let t(m) = -m. Calculate the remainder when 36 is divided by t(-13).
10
Suppose 25 = 5*s + 5*v, -v = 3*v - 8. Suppose 8 = g - s. What is the remainder when 32 is divided by g?
10
Let z(d) be the first derivative of -d**4/4 - 5*d**3/3 - 2*d**2 + 2*d - 3. Calculate the remainder when z(-4) is divided by 2.
0
Let j(h) = 20*h**2 - 1. Calculate the remainder when j(1) is divided by 10.
9
Let q be 0 + (-2 + 1 - -1). Suppose 4*h = -3*x + 72, q = 4*x - 5*h - 66 - 30. What is the remainder when x is divided by 1*1*-1 + 14?
11
Let c(i) = -i**3 + 7*i**2 + i. Let b be c(6). Suppose -l = -3*l + b. What is the remainder when l is divided by 6?
3
Calculate the remainder when (-46)/8*(-216)/27 is divided by 12.
10
Let x = -40 + 78. What is the remainder when x is divided by ((-26)/(-8))/(2/8)?
12
Suppose 30 = 5*a - 5. Suppose 5*z - 3*u - 76 = 5, -2*z = -2*u - 30. Calculate the remainder when z is divided by a.
4
Suppose 8 = 3*w - 202. Calculate the remainder when w is divided by 25.
20
Suppose 5*w = 26 - 11. Suppose 4*k - 10 = -2*b, -5*k = -6*k - 2*b - 5. Let l = w + k. Calculate the remainder when 23 is divided by l.
7
Suppose 0 = -4*s + 2*s + 40. Calculate the remainder when s is divided by 11.
9
Let d be (-14585)/25 + 6/(-10). Suppose -71 = -5*m + 4. Calculate the remainder when 4/14 - d/14 is divided by m.
12
Let u(k) = -k**3 - 3*k**2 + 2*k - 5. Let x be u(-4). Suppose 0*g - 4*g + 168 = -4*z, -x*g - z = -134. Calculate the remainder when g is divided by 15.
14
What is the remainder when 48 is divided by (-4)/1 - (-21)/1?
14
Let z(g) = -g**3 - 7*g**2 - 7*g - 10.